0 = -3*z + j + q, 0*z - 4*j - 102 = -z. What are the prime factors of z?
2, 5, 11
Suppose 3*c - l - 3876 = 1551, -3*c = 4*l - 5427. List the prime factors of c.
3, 67
Let d = -2 - -16. Let t = 52 + d. Let s = -36 + t. List the prime factors of s.
2, 3, 5
Let v(r) = -r**2 - 8*r + 18. Let x be v(-10). Let g = -1 + x. Let p(w) = -w**3 - w**2 + 3*w + 4. What are the prime factors of p(g)?
13
Let u be (-3)/(-27)*3*9. Suppose -u*f = 3*z + 3, -3*z + 15 = -5*f + 50. Suppose -5*v - f*a + 103 = 20, 3*v - 35 = 5*a. List the prime factors of v.
3, 5
Suppose -4*v + 3 = 5*w - 2, v - w = -10. List the prime factors of 46*((-13)/v + 3/(-5)).
2, 23
List the prime factors of (34/(-3))/((-6)/63).
7, 17
Suppose 5*w + 19 = c, 3*w = -2*w - 2*c - 7. What are the prime factors of 48 - (-1 - (w + 1))?
47
Let x be (3 - 4)/((-2)/1310). Suppose -3*u + x = 2*u. Let w = 193 - u. List the prime factors of w.
2, 31
Let t = -487 + 546. What are the prime factors of t?
59
Suppose -4*a - h = -48 - 6, 75 = 5*a + 5*h. Suppose 0 = -a*r + 1262 + 1104. List the prime factors of r.
2, 7, 13
Let s be (3 - 4/1)*6. List the prime factors of (90/75)/(s/(-10)).
2
Let x(w) = -7*w + 13 - 23 - 8*w**2 - w**3 + 11. Let r be x(-7). What are the prime factors of 14 - r/(1/4)?
2, 5
Suppose 4133 = -8*k + 17357. What are the prime factors of k?
3, 19, 29
Suppose s = 2, -19*n = -21*n + 5*s + 8828. What are the prime factors of n?
3, 491
Let u(g) be the third derivative of 0*g + 0 - 2/3*g**3 + 2*g**2 - 1/24*g**4. List the prime factors of u(-8).
2
Let n be 4/(-1) + (4 - (-7)/(-1)). List the prime factors of (n + 11)/(4/146).
2, 73
Let i = -9 - -19. Suppose -5*n = 15 - i. List the prime factors of ((-10)/(-1))/(n/(-4)).
2, 5
Let h = -19 - -30. Let r = -9 + h. Let v = 0 + r. What are the prime factors of v?
2
Let h(x) = x**2 - 5*x - 16. Suppose -2*n + 21 - 7 = 2*l, l - 22 = 4*n. What are the prime factors of h(l)?
2, 17
Let q = 4 - 28. Let n = -21 - q. Suppose 0 = n*i + 4*d - 153, -153 = -3*i + 3*d - 5*d. List the prime factors of i.
3, 17
Suppose i - 612 = -0*i + 2*q, 0 = q + 3. What are the prime factors of (8/(-24))/((-608)/i + 1)?
101
Let n(k) = k - 3. Let t be n(4). Let x(u) = 32*u**2. List the prime factors of x(t).
2
Let p(l) = -401*l + 7. List the prime factors of p(-1).
2, 3, 17
Let j(k) = -5 + 22 + k + 0*k + 2*k. What are the prime factors of j(10)?
47
Let b(h) be the second derivative of h**4/3 + 2*h**3/3 + h**2/2 + 11*h. Let s = -3 + 0. What are the prime factors of b(s)?
5
What are the prime factors of (-438)/18*-3 - -7?
2, 5
Let v = 594 - 299. What are the prime factors of v?
5, 59
Let k(u) = -164*u - 345. What are the prime factors of k(-20)?
5, 587
Let z be -85*(23/(-5) + 4). List the prime factors of (-3*17)/(z/(-238)).
2, 7, 17
Suppose -26 = -z - 23. Suppose 5*k - 3*s = 34, 4*s = -z*k - s. Let d(j) = 5*j - 4. What are the prime factors of d(k)?
3, 7
Let d = 336 - -343. List the prime factors of d.
7, 97
Suppose -3*y = 4*t - 714, -4*t - 8 = 4. Suppose 0 = -4*u + 16, -5*d + 2*u - y = 4*u. List the prime factors of ((-128)/80)/(4/d).
2, 5
List the prime factors of (187/(-22))/(1*(-2)/276).
3, 17, 23
Let u(d) be the second derivative of -7*d**6/720 - 7*d**5/60 + d**4/3 - 3*d. Let f(h) be the third derivative of u(h). List the prime factors of f(-7).
5, 7
Suppose -4*f = -4*v, -3*f - f - 5*v + 45 = 0. List the prime factors of f/15*(2/1 - -76).
2, 13
Suppose 4*l + 2*m + 48 = 0, 0 = l + l - 4*m + 4. Let i be (0 - 2)/(l/(-65)). Let n = i - -49. List the prime factors of n.
2, 3
What are the prime factors of (-32)/(-6)*18645/55?
2, 113
Let a be 3 - (2/(-1))/(-2). What are the prime factors of 2*6/4 - (-142)/a?
2, 37
Suppose k - 4 = -5, -3*k = 2*p - 53. Let y(w) = -w**2 - 11*w - 6. Let g be y(-10). Suppose -g*i + 76 = -p. What are the prime factors of i?
2, 13
Suppose -6*u = 31 - 31. Let z(r) = -r**2 - 2*r + 201. What are the prime factors of z(u)?
3, 67
Let s(v) = 649*v**2 - 4. What are the prime factors of s(-1)?
3, 5, 43
Let n = -9 + 19. Suppose -n*d = -9*d - 27. What are the prime factors of d?
3
Suppose 0 = z + 5, -q - 3*z - 2232 = -4*q. List the prime factors of q.
739
Let k be (-3 - -4) + -1 - (-3 - 390). Let m = k + -276. What are the prime factors of m?
3, 13
Let g(x) = 2*x**2 - 7*x + 7. Let a be g(4). Let j = a + -14. Let y = j - -30. List the prime factors of y.
3
Suppose -38*k + 224012 = 78206. List the prime factors of k.
3, 1279
Suppose -8428 + 2896 = -12*c. What are the prime factors of c?
461
Let x be 1/(4/8) - -33. Suppose -2*r + 10 = 3*r, -x = -3*m - 4*r. Let g = m + -4. What are the prime factors of g?
5
Let i = 432 - -583. What are the prime factors of i?
5, 7, 29
Let x(w) = 2*w**3 - w**2 + 4*w - 16. Let g be x(4). Let v = g + -71. List the prime factors of v.
41
Suppose -5*o - 160 = -3*o + 2*r, -3*r = -15. Let s be o/(-2)*4/(-5). Let w = 62 + s. List the prime factors of w.
2, 7
Suppose -5*n - 4*v - v + 4405 = 0, 3529 = 4*n + 3*v. List the prime factors of n.
2, 443
Suppose -3*r + 9 + 3 = 0. Let p be 3 + -2 - (17 - 4). List the prime factors of (r/(-6))/(p/1242).
3, 23
Let p be (14/(-2) + 3)*(-2)/4. Suppose 0 = -p*v + 127 - 17. List the prime factors of v.
5, 11
Let h = 34 - 1. Suppose -4*m = d - 191, -d - m = h - 221. What are the prime factors of d?
11, 17
Let z(j) = j**2 + 6. Let r be z(0). Let y(p) = -5*p**3 + 3 + 3*p**3 - 6*p**2 + 3*p + 3*p**3. What are the prime factors of y(r)?
3, 7
Suppose 8*j + 5 = 9*j. Suppose -96 = -j*f - 3*l, 33 = f + 3*l - 7*l. List the prime factors of f.
3, 7
Let t = 9 - 148. Let n = 238 + t. What are the prime factors of n?
3, 11
Suppose 5*t - 3*t + 4*d - 342 = 0, -d + 5 = 0. List the prime factors of t.
7, 23
Let r(y) be the third derivative of y**4/8 - y**3/6 + y**2. Let u be r(3). What are the prime factors of 150/u - 2/(-8)?
19
Let s = -173 + 1199. What are the prime factors of s?
2, 3, 19
Let w be (-3)/(5 + 0 - 6). Suppose -33 = -2*q - w*g, 4*g + 34 + 10 = q. What are the prime factors of q?
2, 3
Let k be (-48)/(-24) - (-6 - -1). Let l = 231 - k. What are the prime factors of l?
2, 7
Let j be 0/(-6 + (-12)/(-3)). Suppose -l = -j*l - 2*k - 309, -k = 3*l - 934. What are the prime factors of l?
311
Let o be (14/(-4))/(9051/(-2262) - -4). Let g(s) = -s**3 + 4*s - 1. Let f be g(3). What are the prime factors of 2/f - o/(-56)?
47
Let u(o) = -o**3 - 11*o**2 - 9*o + 14. Let i be u(-10). Suppose w - 881 = -4*m, i*m + 5*w - 2*w = 883. What are the prime factors of m?
2, 5, 11
Let i = 808 - 576. List the prime factors of i.
2, 29
Suppose -4*f - 5*c = 45 - 117, -3*f + 57 = 3*c. Let p = f + -13. Suppose 4 = 2*v - p. List the prime factors of v.
7
Let b(z) be the second derivative of -z**3/6 + 7*z**2/2 - 7*z. Let i be b(8). What are the prime factors of (0 + i)*(-33 - 6)?
3, 13
Let k(d) = 9*d**3 - d**2 - d. Suppose 4*v + s + 8 - 4 = 0, 2*v - s + 2 = 0. Let i be k(v). Let y = i - -24. What are the prime factors of y?
3, 5
Let r(c) = -c**2 - c + 1. Let u be r(-2). What are the prime factors of u - 68/2*-2?
67
Let m(v) = 69*v + 788. List the prime factors of m(27).
11, 241
Let h(i) = -11*i - 4. Let p(y) = -23*y - 8. Let w(r) = -7*h(r) + 4*p(r). What are the prime factors of w(-5)?
71
Let t = -856 + 1292. Suppose -5*r - u + 1130 = 412, 3*r - 2*u - t = 0. Suppose -m - 5*v + 34 = 0, -2 = 5*m - 3*v - r. What are the prime factors of m?
29
Suppose 0 = 6*g - 2*g + 5*m - 23, -3*m = 4*g - 17. Suppose 20 = d + g. Let j = 29 - d. List the prime factors of j.
11
Suppose 172 + 5 = 3*v. Let b = v - 4. List the prime factors of b.
5, 11
Let u = 28 + -25. Suppose u*p + 390 = 990. List the prime factors of p.
2, 5
Let l(v) = v**2 - 11*v - 4. Let r(a) = a. Suppose -3*s - s = -4. Let y(p) = s*r(p) - l(p). What are the prime factors of y(7)?
3, 13
Suppose 3*v - 9*g - 517 = -4*g, 0 = -5*v + g + 825. What are the prime factors of v?
2, 41
Let h(y) = 23*y**2 - 2*y - 2. Let v(a) = 35*a**2 - 3*a - 3. Let k(l) = -7*h(l) + 5*v(l). What are the prime factors of k(-1)?
2, 7
Let f be (-2)/2*(-2 + -2). Let k(c) = -c**2 - c - 1. Let r be k(-5). Let u = f - r. List the prime factors of u.
5
Suppose -10*w = -5*w - 535. Suppose 3*o - 3*g + w = 5*o, 160 = 3*o + 4*g. What are the prime factors of o?
2, 13
Let u = 68 + -54. What are the prime factors of (u*2/(-6))/(2/(-72))?
2, 3, 7
L